 r(n).
3, 5
Let x(u) = -u**3 + u**2 + 5*u - 4. Let w be x(3). Let a be 2/7 + 156/w. List the prime factors of 10/(-5) - (a - 0).
2, 5
Let k(v) = v**3 + 2*v**2 - 2*v + 4. Let p be k(-3). List the prime factors of (-1)/p*(-19 - -5).
2, 7
Suppose 2*h + 3*h - 105 = 0. What are the prime factors of h?
3, 7
Let l(p) = -p + p - 1 - p. Let d be l(-5). Suppose 4*y = 8*y + 2*z - 56, z - d = 0. What are the prime factors of y?
2, 3
Suppose 4 = 4*r - 8. Suppose r*v - 26 = 2*i + 11, 4*i = 3*v - 35. What are the prime factors of v?
13
Let c(q) = -q**2 - 5*q - 2. Let h be c(-6). Let x = -65 + 35. What are the prime factors of (x/8)/(3/h)?
2, 5
Let h be 3*1 - (-8)/(-8). Let q(k) = k. Let p be q(h). List the prime factors of p + (-7)/((-21)/18).
2
Let t(f) = 2*f + 4. Let m(o) = -o**2 - 10*o - 12. Let r be m(-8). Let b be t(r). Suppose y + 3 = b. List the prime factors of y.
3
Let i be (130 - 2/2) + -3. List the prime factors of (-2)/9 + 4816/i.
2, 19
Let x = 497 - 240. What are the prime factors of x?
257
Let n = -5 - -9. Let c = n - 27. Let s = -6 - c. What are the prime factors of s?
17
Suppose n + 13 = -4*y + 34, -y + 3 = 0. What are the prime factors of 3/n*93 - 3?
2, 7
Suppose 3*g + 4*p - 356 = 129, -3*g = -4*p - 445. What are the prime factors of g?
5, 31
Suppose -a - 5 = -2*a. Suppose v + 4*v = -m - 22, -m + 28 = -a*v. Suppose -m*c + c + 14 = 0. What are the prime factors of c?
7
Let t(o) be the third derivative of -o**4/6 - o**3/3 + 9*o**2. List the prime factors of t(-4).
2, 7
Let u(n) = n**3 - 5*n**2 + n - 3. Let j be u(5). Suppose -h + 4 = j. List the prime factors of h.
2
Let q(s) = s**2 + 10*s + 12. What are the prime factors of q(-11)?
23
Let m be -2*1 + 4 - -1. Suppose 5*z - m*s - 20 = 0, 4*z = s - 4 + 20. What are the prime factors of z?
2
Suppose 0 = f - 3*f - 16. Let y = 9 + f. What are the prime factors of (y - 10/(-6))*3?
2
Let q = -3 + 5. Suppose -4*o + 28 = q*i - 72, 112 = 4*o - i. What are the prime factors of o?
3
Suppose -5 = -3*n + 7. Suppose 0 = 5*s - n - 6. Suppose -7 + 44 = s*r - 5*p, -3 = p. What are the prime factors of r?
11
What are the prime factors of -1 - (1 - 2)*36?
5, 7
Suppose 0 = 3*d - 9 + 3. Let x be (d + 19)/(-3)*-2. Suppose -m + x = m. What are the prime factors of m?
7
Suppose 2*u + 15 = -3*u. What are the prime factors of 0/u + 1 + 16?
17
Let c = 66 - 53. List the prime factors of c.
13
Let h(v) = -v - 2. Let a be h(-7). Suppose -a*i + 1 = -29. List the prime factors of i.
2, 3
Let t = 26 - -48. List the prime factors of t.
2, 37
Let h(d) = 90*d**2 + 3*d + 4. List the prime factors of h(-1).
7, 13
Suppose 5*x - 2 = 2*a + 7, -5*x - 5 = 5*a. Suppose 0 = -2*u + x + 3. List the prime factors of u.
2
Let j = -6 - -3. Let l be (-11)/j + (-2)/(-6). Suppose 10 = l*r - 2*r. What are the prime factors of r?
5
Suppose 5*s - 4*c = 298, -5 = -5*c - 15. Let d = -34 + s. Suppose 2*v - d = 2*f, 2*f - 24 = -2*v - 2*v. What are the prime factors of v?
2
Suppose 0 = 8*r + 142 - 1310. List the prime factors of r.
2, 73
Let z(a) = -a + 10. Let p be z(7). Let r(h) = -2*h - 4 + h**p + h**2 - 7*h**2 - h**2 - 2*h**3. List the prime factors of r(-7).
2, 5
Suppose 3*g - 4*d - 660 = 0, 5*g - g - 5*d = 880. List the prime factors of g.
2, 5, 11
Let o be 9/3*(21 + -1). Suppose 4*b - o = 4*c, b + 2*b - 77 = -5*c. List the prime factors of b.
19
Let d(i) = -i**2 - 2*i + 38. Let s(j) = j. Let t(c) = d(c) + s(c). List the prime factors of t(0).
2, 19
Suppose 24 = 4*z - 72. List the prime factors of z.
2, 3
Suppose 4*t - 102 = 66. Suppose 6 + t = 4*g. List the prime factors of g.
2, 3
Suppose 0 = -2*p + 7*p - 5*a - 405, -4*p + 2*a + 316 = 0. What are the prime factors of p?
7, 11
Let q(l) = -2*l**2 - 4*l - 3. Let z = 1 - 3. Let p be q(z). What are the prime factors of 4/((p/12)/(-1))?
2
Suppose 1 = 4*s - 5*s. List the prime factors of (2/6)/(s/(-30)).
2, 5
Suppose -4*d = -2*d + 3*b - 105, 4*b = -3*d + 157. List the prime factors of d.
3, 17
Suppose -2*a = 0, -a - 3*a - 2 = -v. List the prime factors of (-8 + -1 + v)*-1.
7
Let d(r) be the second derivative of r**3/2 - 2*r. Let l = 4 + -1. List the prime factors of d(l).
3
Suppose 0 = -2*t + 4*g + 10, -4*g = t + 6 - 5. What are the prime factors of t?
3
Let q(x) = -3*x - 8. What are the prime factors of q(-8)?
2
Suppose -g + 3*g = 4. Let s = g - 0. List the prime factors of s.
2
Suppose d - 2 = -4*w, 5*w + 1 = -d + 3. Let r = 5 - w. List the prime factors of r.
5
Let b(g) = 3*g**2 - 4*g - 3. List the prime factors of b(-4).
61
Let l = 74 - 35. List the prime factors of l.
3, 13
Let k = 12 + -3. Suppose 5*r - 16 - k = 0. Suppose -3*f = -r*f + 6. What are the prime factors of f?
3
Suppose 34 = 5*n - 56. List the prime factors of n.
2, 3
Let l = 29 + -24. Suppose -2*z - l = -21. What are the prime factors of z?
2
Suppose -x + 114 = 2*x. List the prime factors of x.
2, 19
Suppose -2*w + 1687 = 5*w. What are the prime factors of w?
241
Suppose -3*q - 2*m + 6*m - 4 = 0, -5 = q - 5*m. Let w = q + 3. Suppose -3*t + 2*f + 47 = 0, -2*t + 73 = w*t - 2*f. What are the prime factors of t?
13
Let h(o) = o**2 + 5*o. Let x be h(6). Suppose -x = -3*c - 27. List the prime factors of c.
13
Let k = 435 + -75. List the prime factors of k.
2, 3, 5
Suppose 2*x + 0*x = 128. List the prime factors of x.
2
Let z(p) = -p**3 + 5*p**2 + 2*p - 6. Let y be z(5). Let u = y + -2. Suppose 2*n - u = 4. What are the prime factors of n?
3
Let w = 8 + -12. Let t(m) = 2 - 3 - 4 - 3*m. List the prime factors of t(w).
7
Let r = 145 - 94. Suppose -4*y + 7*y = r. What are the prime factors of y?
17
Suppose -2*w - 122 + 412 = 4*r, -4*r - w = -293. Let z be (r/(-3))/((-10)/15). Suppose -4*m - 1 + z = 0. What are the prime factors of m?
3
Let b = -17 - -9. Let f = b + 29. Suppose f = 3*v + 3. List the prime factors of v.
2, 3
Let w(s) = s**2 + s - 5. Let v(x) = x - 6. Let y be v(10). List the prime factors of w(y).
3, 5
What are the prime factors of (30 + -3)/(-4 - 44/(-8))?
2, 3
Let w(v) = 0*v - v - 6*v**2 + 14 + 7*v**2. What are the prime factors of w(0)?
2, 7
Suppose -7*j = 3*j - 930. List the prime factors of j.
3, 31
Let u(f) = f**2 - 3*f - 2. Let i(g) = -1. Let o(s) = i(s) + u(s). List the prime factors of o(-2).
7
List the prime factors of (1 - (3 + 0))*166/(-4).
83
Let q(m) = m - 3. Let k be q(7). Suppose k*j - 8 = 3*j. What are the prime factors of j?
2
List the prime factors of 20/(-3)*48/(-5).
2
Suppose -5*p = -s + 62, 4*s - 4*p - 205 = 107. List the prime factors of s.
2, 41
Suppose 2*t + 791 = 5*o + 4*t, 3*o + t = 474. What are the prime factors of o?
157
Suppose -5*q + 404 + 251 = 0. What are the prime factors of q?
131
Suppose -3 = -4*l + 93. What are the prime factors of l?
2, 3
Suppose -3*z + 6 = -0*z. Let l be (12/(-30))/(z/(-10)). What are the prime factors of 102/24 - l/8?
2
Let i(u) = -62*u - 11. What are the prime factors of i(-3)?
5, 7
Suppose 2*h = 5*b - 3*b - 190, 0 = -3*b + 5*h + 275. List the prime factors of b.
2, 5
Let l(i) be the third derivative of i**5/60 + i**4/24 + 13*i**3/3 - 2*i**2. List the prime factors of l(0).
2, 13
Suppose 1 = -b + 5, -5*b + 975 = 5*j. List the prime factors of j.
191
Suppose 3*s + 3*o = 93, -s - 2*o + 31 = o. What are the prime factors of s?
31
Let t = -23 - -42. Suppose 4*j = -b + 9*j + t, -5*b - 4*j = -8. Suppose 0*y - b*y = -68. List the prime factors of y.
17
Suppose 5*h - 2*t = 447 - 131, h - t = 62. List the prime factors of h.
2
Let y(a) = -a**3 + 5*a**2. Let v be y(5). Suppose -2*s = -m + 4, v = 2*m + 3*s + 8 - 37. What are the prime factors of m?
2, 5
Let v(c) = c**3 - 11*c**2 + 11*c - 8. Let t be v(10). Suppose 0*d - t*d + 12 = 0. Suppose -d = -w - w + m, -3*w - 2*m + 2 = 0. What are the prime factors of w?
2
Let t = 14 + -7. Let w = 12 - t. List the prime factors of ((-8)/(-5))/(1/w).
2
Suppose 2*a = -4*s - 2 - 2, -4*s = -2*a - 4. Let m = 3 + s. Suppose -2*h - m*h = -40. List the prime factors of h.
2
Let g be (-2)/((-3)/3) - 0. Suppose 4*s - 43 = 5*h, -5*s + g*h = -13 - 62. Suppose 3*u - a - s = -u, u + 3*a + 12 = 0. What are the prime factors of u?
3
Suppose 4*f = 2*x - 8, 5 = 3*x - 2*f - 3. List the prime factors of (-34)/(-4)*4 + x.
2, 3
Suppose 2*j - 218 = 168. What are the prime factors of j?
193
Suppose -5*j + i - 64 = 0, 5*j + 0 = -3*i - 48. Let b be (-206)/j - 1/6.